. Let c = -15 + 9. Give p(c).
2
Let g(o) be the first derivative of -o**2/2 + o + 2. Let b be g(1). Let p = b + 2. Let c(k) = 2*k**2 - 3*k. Calculate c(p).
2
Let c(u) = u + 1. Let h be c(-3). Let o be (h - -1)/((-4)/(-12)). Let d(k) be the first derivative of k**2 + 4*k + 2. What is d(o)?
-2
Let c(t) = 17*t - 22*t + 7*t + 4. Determine c(-4).
-4
Let y(o) = -o**2 - 4*o + 4. Let i be y(-4). Suppose 0 = -5*a + a + i*r + 4, a = 4*r + 7. Let u(v) = -v**3 - v**2 - 1. Give u(a).
-1
Let r(f) = -2 - f**2 - 3*f - 2*f + 3*f + 7*f. Give r(6).
-8
Let d(b) = -885*b + 12 - 4 + 883*b. What is d(6)?
-4
Let b = -4 + 4. Let s(m) be the third derivative of 0*m - 1/120*m**6 - 1/8*m**4 - 1/6*m**3 + m**2 + 1/15*m**5 + b. Calculate s(3).
-1
Let b(i) = -7*i**2 - 2*i - 3. Let d(r) = 6*r**2 + r + 3. Let g(f) = 5*b(f) + 6*d(f). Let s be g(4). Let k(c) = c**2 - 4*c + 1. What is k(s)?
-2
Let s(c) = -20*c - 2 + 39*c - 5 - 18*c. Determine s(5).
-2
Suppose 0 = -4*t + 4. Let i(j) = -3*j**3 + j**2 - 1. Let r be i(t). Let u(z) = 3*z. What is u(r)?
-9
Let p(n) = n**2 + 3*n + 3. Suppose 2*l = 2*t + t + 10, -2*t - 4*l + 4 = 0. What is p(t)?
1
Let b(n) = 0*n**2 + n**3 + n + 3 - 5*n**2 - 10 + 6*n**2. Let i be 2/(-5) - 6/(-15). Determine b(i).
-7
Suppose -d + 13 = 3*p + d, -2*d + 5 = -5*p. Let s(q) = -4*q**2 - q + 2. Let x(r) = -r**2 + r + 1. Let a(u) = p*s(u) - 2*x(u). Determine a(-2).
-2
Let a(c) = -3*c + 1. Suppose 4*h = 2*h. Suppose r - 3*r + 2 = h. Let p(u) = -u**2 - u + 1. Let o be p(r). What is a(o)?
4
Let i(n) = n**2 - 4*n - 3. Let o be i(6). Let u = -8 + o. Let w(s) = 5*s**2 - 1. Give w(u).
4
Let d(n) = n**2 - 4*n + 5. Let w be 3*(16/12 + 0). Let f be d(w). Let b(x) be the third derivative of x**5/60 - 5*x**4/24 - 7*x**3/6 - x**2. Calculate b(f).
-7
Suppose -5*n + 41 = 4*l, 3*n = -3*l + 25 + 2. Let b(r) = 3*r**2 - 4*r**2 + 2 - l*r - 5*r + 4*r. Calculate b(-5).
2
Let p(r) be the second derivative of r**5/20 + r**4/4 + r**3/2 - r. Suppose -5*q = -2*m + 9, 3*q + 3*m = -m - 21. Determine p(q).
-9
Let u be -11 + 8/(-10)*-5. Let k(g) = g**2 + 8*g + 3. Calculate k(u).
-4
Let m(g) be the first derivative of -g**4/4 + 2*g**3/3 + 3*g**2/2 - 3*g + 15. What is m(3)?
-3
Suppose 9 = -3*v + 54. Suppose 0 = -7*i + 2*i - v. Let s be (4 + i)/((-1)/5). Let g(f) = -f**2 - 5*f - 6. What is g(s)?
-6
Let k = -9 - -13. Suppose -k*t = t - 25. Let c(d) = -4*d - 4*d**2 + 3*d**2 + 1 + 8*d. Calculate c(t).
-4
Let x(w) = w**3 + 6*w**2 + 2*w. Let b(j) = j**3 + 6*j**2 + 2*j + 1. Let a(t) = -2*b(t) + 3*x(t). Determine a(-5).
13
Let l(n) = 3*n. Let a(k) = -k. Let q(s) = s - 10. Let f be q(9). Let c(w) = f*l(w) - a(w). Determine c(2).
-4
Let v = -3 - 0. Let z(p) = -2*p + 2. Calculate z(v).
8
Let f = -1 - -3. Suppose 0 = 4*p + 5*d + 5, -2*p - p - 4 = 4*d. Let m(k) = p*k**3 + k**3 + 1 + 3*k**2 - 4*k**f. Determine m(0).
1
Let a(n) be the first derivative of n**3/3 + 7*n**2/2 + 9*n + 28. What is a(-7)?
9
Let t(k) = -k**2 - k + 1. Let q be t(-2). Let h be 0 + 8/(q + -1). Let a(o) = 5*o**2 - 8*o - 5. Let m(n) = -n**2 + n. Let r(i) = h*m(i) - a(i). Determine r(4).
5
Let w(y) = y. Let b(c) = -10*c + 2. Let x(r) = -b(r) - 2*w(r). Give x(2).
14
Let h(s) = 13*s**2 + 1. Let w = -1 + 2. Calculate h(w).
14
Let m be (-1 + 1)/(-2 + 1). Let z(f) be the third derivative of 2*f**2 - 1/24*f**4 - 1/6*f**3 + 0 + m*f. Calculate z(3).
-4
Let f(y) = -y**3 + 3*y + 3. Let b = -5 + 8. Suppose 5*t + 4*x + 0*x = -18, -b*x = -3*t. What is f(t)?
5
Let t(o) = 16*o**2 - o + 5 - 5. Give t(-1).
17
Let p be (-17)/(-5) + 4/(-10). Suppose -15 = -p*t - 2*t. Let u(q) be the third derivative of q**5/60 - q**4/12 - q**3/2 - 7*q**2 + 3. Determine u(t).
0
Let r be (-128)/22 + (-2)/11*1. Let i(f) = -5*f**3 - 7*f**2 - 5*f - 6. Let w(b) = b**3 + 1. Let n(s) = -i(s) - 4*w(s). Determine n(r).
8
Suppose -21 = -5*x + u + 1, -2*u + 16 = 5*x. Let v be (30/9)/(x/6). Let n(h) = -h**3 + 6*h**2 - 5*h - 3. Calculate n(v).
-3
Let n(f) = 2*f**2 + 3*f + 4. Suppose 1 = -3*j - 8. Determine n(j).
13
Let w(i) = -i**3 - 7*i**2 - 6*i. Let u be -10 + (4 - 3 - -3). Give w(u).
0
Let b(q) = -3*q + 5. Let z(n) = -16*n + 26. Let m(x) = -11*b(x) + 2*z(x). What is m(2)?
-1
Let z(b) = b**2 + b - 4*b + 3*b + 2*b - 4. Give z(5).
31
Let j(b) = -b**3 - 11. Suppose -2*s + 11 = -4*h - 9, -3*s + 3*h + 15 = 0. Calculate j(s).
-11
Let y be ((-8)/(-5))/(4/10). Let k(n) = n**3 - 3*n**2 - 131*n + 66*n - 2*n**2 + 69*n. Give k(y).
0
Let g(b) = -b - 1. Let t = -4 + 25. Let i = -37 + t. Let k be (i/12)/(4/(-6)). Calculate g(k).
-3
Let i(z) be the first derivative of -3 + 1/2*z**2 + 6*z. What is i(-6)?
0
Let m(u) be the third derivative of -u**4/24 - u**3/3 - u**2. Suppose -3 + 3 = 4*r. Determine m(r).
-2
Let o be (9/(-27))/(19/(-9) - -2). Let w(m) = -m**2 + m - 3. Give w(o).
-9
Let b be 2/8 + (-3)/(-4). Let f(c) = -13*c + 7. Let i(q) = 2*q - 1. Let t(n) = 3*f(n) + 21*i(n). Calculate t(b).
3
Let g be 1/((15/27)/5). Let x(q) = 5*q - g*q + 4*q - 1 - q**2. Determine x(-3).
-10
Let z(y) = 5*y + 2 - 9 + 1 - y**2. Suppose -5*m + 10*m = 85. Suppose 0 = -4*i - 8, 4*i = -b - 4*b + m. Calculate z(b).
-6
Let m(y) = -10*y + 5. Let c(p) = 39*p - 21. Let d(z) = -2*c(z) - 9*m(z). Determine d(2).
21
Let b(i) = -i**2 + 1. Suppose 0 = -4*g - 4*m + 12, 3*g - 1 = -2*m + 3*m. Determine b(g).
0
Let k(y) = y + 5. Let q be k(-3). Let t(n) = -7*n + 1. What is t(q)?
-13
Let r(u) be the second derivative of u**4/12 + u**3 + 3*u**2 + 4*u. Suppose 2*w = 5*w + 21. Let t(q) = -q**3 - 8*q**2 - 5*q + 9. Let b be t(w). What is r(b)?
1
Let v be 7/(-21) - 20/(-6). Let f(j) = 4*j**2 + j**v - 5*j + 6*j + 3 - j. Calculate f(-4).
3
Let a = -10 - -10. Let u = 6 - a. Let f(s) = -s**2 + 7*s. What is f(u)?
6
Let r = 24 + -22. Let u(y) = -2*y**2 + 3*y - 1. Give u(r).
-3
Let t(g) = 8*g - 5*g - 8*g + 4*g - 2. Suppose 4*l - 18 = -5*p, p + 2*l = -2*l - 6. Give t(p).
-8
Let m(t) = -t**3 - 13*t**2 + t + 8. Let u be m(-13). Let a(q) = -q**2 - 8*q - 6. What is a(u)?
9
Let s be (-7)/(-3) - (-3)/(-9). Suppose -6*y + s*y = 0. Let r(x) = -x**2 + x - 1. Calculate r(y).
-1
Let a(m) = -m**2 - m - 2. Let j(d) = -6*d**2 + 3*d - 11. Let i(y) = 5*a(y) - j(y). Determine i(8).
1
Let c(m) be the first derivative of -m**4/12 + 7*m**3/6 + 6*m + 6. Let g(z) be the first derivative of c(z). What is g(6)?
6
Let s = 1 - 1. Suppose s = 5*o - 4*z - 125, -2*o + 53 = -0*o - z. Suppose -3*i - 1 = -2*k + 16, -5*i + 4*k = o. Let l(g) = g**2 + 4*g - 4. Determine l(i).
1
Let b(p) = -p**2 - 4*p - 5*p**2 + p**3 + 2*p**2. Let d(z) = -z**2 + 1. Let j be d(-1). Suppose -2*h + 3*n + 14 = 2*h, -h - 5*n + 15 = j. Give b(h).
5
Let s(a) be the first derivative of -a**4/4 - 5*a**3/3 - 2*a**2 + 3*a - 1. Let d be (4/3)/(2/3). Suppose 0 = -m - d - 2. Calculate s(m).
3
Let o(t) = -5*t - 39. Let x(m) = -2*m - 19. Let r(c) = 3*o(c) - 7*x(c). What is r(0)?
16
Let m(f) = 14*f**2 + 12*f - 7. Let q(a) = -5*a**2 - 4*a + 2. Let z(x) = 4*m(x) + 11*q(x). Suppose 2*t + 4*l + 6 = -8, -t = -3*l + 2. Calculate z(t).
-1
Let l(k) be the first derivative of -2*k**2 + 1 - 1/4*k**4 + 2*k + k**3. Let o be (-3 + 1 - 0)*-1. What is l(o)?
-2
Let b(y) = 14*y. Let a(h) = 141*h. Let j(o) = 2*a(o) - 21*b(o). Let l = -142 - -141. Give j(l).
12
Suppose 5*k = o + 8, 2*o - 7*o - 16 = -k. Let d(y) = -6*y**2 + y - 1. Give d(k).
-6
Let w(g) = g - g + g - 17 + 0*g. Let y be w(15). Let o(r) = 3*r**2 + r - 2. Give o(y).
8
Let m be (32/6)/(-2) - (-52)/78. Let i(u) = 3*u**3 + 2*u**2 + 2. Determine i(m).
-14
Let h(d) be the first derivative of d**3/3 - 10*d - 9. Calculate h(0).
-10
Let u(s) be the first derivative of s**3/3 + 3*s**2 + 5*s - 40. Let t(h) = 6*h**3 - h. Let w be t(-1). Determine u(w).
0
Let s(i) = i**2 + 3*i + 1. Let o be s(-4). Let q(b) = -b**2 + 4*b + 3. What is q(o)?
-2
Let j(q) be the third derivative of q**4/8 + 2*q**3/3 - 2*q**2. Let i(n) = -n + 3. Let v be i(0). Suppose -3 + 15 = -v*c. Calculate j(c).
-8
Let z(u) = -u**3 - 5*u**2 - 5*u - 4. Let b be (1 - (2 + 0)) + 7. Let m be 44/10 - b/15. Suppose m*i + 15 = -1. Determine z(i).
0
Let k(i) = -i**3 - 2*i**2 + i - 4. Suppose -2*w = 2*w - 8. Let r(m) = 5*m**3 + 9*m**2 - 5*m + 20. Let s(x) = w*r(x) + 11*k(x). Determine s(-4).
-8
Let i = 0 + 2. Let n(b) = 5*b**2 - 4*b**2 + 6*b - b**2 + i + b**2. Let q = -7 + 3. What is n(q)?
-6
Let m(o) = -o**2 + 2. Let y(t) = -t**2 